 g(v) = -3*v + 12. Let k(q) = 7*q**2 + 0*q**2 - 857 - 36*q + 438 + 430. Let l be k(5). Determine g(l).
-6
Let w(k) = 2*k**2 + 45*k - 6. Let c be w(-23). Let x(j) = 14*j**2 - 19*j**3 - 14*j**3 + 51*j**3 + 8 + 13*j - c*j**3. Calculate x(-13).
8
Let c(w) = -w**2 + 19*w - 50. Let p be c(18). Let v be p/(-5) + 22/(-55). Let b(h) = h - 5. What is b(v)?
1
Let g(v) = v**3 - 7*v - 1 - 1 + 5*v. Suppose -2*d + 16 = -5*y, 5*y - 4 = -5*d - 34. Calculate g(d).
-6
Let c(a) = -2*a + 7. Let r = -301 - -461. Suppose 20 = 30*l - r. Determine c(l).
-5
Let n(y) = -y**3 - 3*y**2 - 1. Let k(q) be the third derivative of 13/60*q**5 + 0*q - 1/3*q**4 + 3/2*q**3 + 0 + 29*q**2 - 1/60*q**6. Let x be k(6). Give n(x).
-1
Let a(p) = -2*p**2 - 2*p - 2. Let i(w) = -28*w**2 - 24*w - 21. Let j(g) = 13*a(g) - i(g). What is j(4)?
19
Let a(r) = -r**3 - 3*r**2 + 3*r + 1. Let j(p) = 3*p**3 + 8*p**2 - 7*p - 2. Let x be (0 - -2)/(-18 + 17). Let d(u) = x*j(u) - 5*a(u). Let v = -1 - -1. Give d(v).
-1
Let z(g) = -142 + 4*g + 130 - 6*g + 4*g - 5*g. What is z(-4)?
0
Let c(b) = 3*b**2 + b + 4. Let z = -293 - -191. Let o = z + 102. Suppose o = 9*j - 11 + 38. Determine c(j).
28
Let n(r) = -7*r - 63. Let p(y) = 3*y + 9 + 2*y + 22 - y + 3. Let c(w) = 3*n(w) + 5*p(w). Determine c(-9).
-10
Let f = -31 - -104. Let o = 283 - f. Let l(a) = -a**3 + 3*a + 215 - a + 6*a**2 - o. Calculate l(6).
17
Let k(v) = -61 + 115 - 58 + 33*v + 9*v**2 - 41*v - v**3. Give k(7).
38
Let y(u) = 2*u - 2. Let t(h) be the second derivative of 4*h**3/3 - 7*h**2 - 66*h. Let j be t(2). What is y(j)?
2
Let z = -975 + 975. Let f(p) = p + 0*p + 0*p - 11 + 5. Calculate f(z).
-6
Suppose -o + 6 = -z, 29*z + 3*o = 26*z. Let j(c) = -24*c - 62. Determine j(z).
10
Let z(c) = -c**3 - 4*c**2 + 9*c + 1. Let x(m) = -7*m**2 - 5*m + 60. Let l(b) = -4*b**2 - 2*b + 30. Let s(o) = 5*l(o) - 3*x(o). Let f be s(-8). Determine z(f).
19
Let b = 30308 - 30300. Let u(s) be the first derivative of -s**5/60 + 7*s**4/24 + 5*s**3/6 - 3*s**2/2 + 2. Let r(i) be the second derivative of u(i). Give r(b).
-3
Let z = -264979 + 264982. Suppose -4*s - 3*t = -11, -3*s + 2*t = -0*t - 4. Let i(h) = 5*h - h + 2 - h - h**s. Determine i(z).
2
Let z(p) = -p**3 - 6*p**2 - 9. Let w be 2 + (-3)/(612/96 + -6). Calculate z(w).
-9
Let p(l) = -l**3 + 41*l**2 + 47*l**2 - 138*l**2 + 6*l + 45 + 42*l**2. Give p(-8).
-3
Let h(i) = -i**3 - 10*i**2 - 23*i - 54. Suppose -4*s + 15 = -9*s, -2*b - 13 = -s. Calculate h(b).
2
Let y(h) = h**2 - 4*h + 1. Let c(u) = -2*u**2 + 5*u - 2. Let x(r) = 3*c(r) + 4*y(r). Let d be ((-74)/(-8))/(29/(-812)). Let l = 261 + d. What is x(l)?
-12
Let h(y) = y**2 - y - 23. Let g(u) = -u**2 + 2*u + 24. Let r be 4/2*(-2 - 21/(-6)). Let v(q) = r*h(q) + 2*g(q). What is v(0)?
-21
Let a(n) be the third derivative of -29*n**4/24 + 25*n**3/3 - 4*n**2 - 2098*n. Determine a(4).
-66
Let f(s) be the second derivative of -s**4/12 + 7*s**3/3 - 43*s**2/2 - 33*s - 40. Determine f(8).
5
Suppose 5*c + 5*c - 3*c = 0. Let x be (-2)/(-18) + c - 1050/(-270). Let z(d) = 7*d - 4 + 0*d - x*d + d**2 - d**3. Determine z(3).
-13
Let g(p) = 90*p - 65. Let l(v) = -9*v - 1. Let m(c) = g(c) + 9*l(c). What is m(7)?
-11
Suppose -2*p + 5*w + 38 = 0, 5*p + 0*p - 76 = 3*w. Let b(i) = i**2 - 12*i - 8. Let n be b(p). Suppose n*r - 2 = 19*r. Let o(g) = -g**2 + g. Calculate o(r).
-2
Let k = 12626 + -12659. Let d(n) = -n**3 - 33*n**2 - 3*n - 110. Give d(k).
-11
Suppose -4*o + 43 - 59 = 0. Let l be 104*-1 - o/16*0. Let i = l - -98. Let b(t) = t**2 + 5*t + 1. Give b(i).
7
Let r(f) be the second derivative of f**3/6 + 2*f**2 + 17070*f. Suppose 2*q - 4 = -0. Suppose -q*n + 6*n - 12 = 0. Determine r(n).
7
Let q(t) = 192*t**3 + 7*t**2 - 8 + 0*t**2 + 207*t**3 - 6*t - 400*t**3. What is q(6)?
-8
Let q(c) = c**2 - c + 1. Let s(n) = 3*n**2 - 2*n - 10 + 7*n - 2*n + n + n**3. Let k(r) = -4*q(r) - s(r). Let x be 7/(1 - (-3 + 5)). Calculate k(x).
6
Let m be (-1)/(0 - 3/(-3)). Let v(x) = -20*x + 8. Let h(k) = 13*k - 5. Let t be -5*(-1)/((2 - 2) + -1). Let j(w) = t*v(w) - 8*h(w). Calculate j(m).
4
Let c(u) = -6*u**3 - u**2 - 8. Let b(h) = 5*h**3 + h + 7. Let z(q) = -7*b(q) - 6*c(q). Let x = -203 - -221. Let r be 2407/(-319) + x/33. Calculate z(r).
-1
Suppose 331 = 79*a - 453 - 6. Let n(c) = 21*c - 223. What is n(a)?
-13
Let z be 40*3*(-3 - (-129)/45). Let i(c) be the first derivative of c**2/2 + 7*c - 1057. What is i(z)?
-9
Let o(c) = -c**3 + 12*c**2 - 38*c + 6. Let v(m) = m**3 - 21*m**2 + 2*m - 36. Let y be v(21). Let h be o(y). Let r(g) = -g**2 - 6*g - 7. Determine r(h).
-7
Let v be (-52)/6 - ((-44)/(-22) - 5/3). Let k(y) = 2*y**3 + 18*y**2 - 13. Determine k(v).
-13
Suppose 0 = -2*o + 10, 8*l - 43 = 4*l - 3*o. Let u(f) be the second derivative of -f**3 + 1/2*f**2 + 0 + 1/20*f**5 - 1/2*f**4 - 25*f. Determine u(l).
8
Let j(c) = 146*c + 10. Let r(y) = -29*y + 1. Let g(t) = 2*j(t) + 10*r(t). Give g(-3).
24
Let d(r) be the first derivative of -15*r**2/2 + 6*r + 4478. What is d(1)?
-9
Let z(g) be the second derivative of -g**4/6 - 23*g**3/3 - 47*g**2 + 1828*g. Calculate z(-21).
-10
Let k(p) = -1 + 0*p - p - 3. Let d(x) = x**3 + 17*x**2 + 7*x - 72. Let i be d(-19). Let t = -937 - i. What is k(t)?
6
Let k(b) = -7 + 42 + 12*b - 38 - 3*b**2. Give k(5).
-18
Let z(b) = -2*b**3 - 6*b - 5. Let u(k) = -2*k**3 - 287*k**2 + 137*k - 1009. Let h be u(-144). Calculate z(h).
3
Suppose -26*s + 5885 = -37*s. Let q = 536 + s. Let c(w) = -6*w**2 - 2*w + 3. Let r(p) = 5*p**2 + 3*p - 4. Let f(x) = 3*c(x) + 2*r(x). Calculate f(q).
-7
Let r(w) be the first derivative of -w**4/4 - w**3 + 3*w**2/2 - 2*w - 1. Let l = -114076 - -114073. Determine r(l).
-11
Let c(j) = 16*j + 24. Let p(v) = -203*v + 5884. Let b be p(29). Give c(b).
-24
Let s(y) = 3*y**2 + 52*y + 11. Let u(p) = 6*p**2 + 48*p + 11. Let k(q) = 3*s(q) - 2*u(q). What is k(20)?
11
Let t(g) = -20 + 0*g**2 + 18 + 14*g - 13*g + 2*g**2 + 17*g. Calculate t(-13).
102
Let a(h) = 190*h + 182. Let q be a(-1). Let t(n) = -n**3 - 9*n**2 - 15*n - 35. What is t(q)?
21
Let l(p) be the first derivative of -p**4/4 + 8*p**3/3 - 8*p + 2. Suppose 19 = -0*b + 19*b. Let a be 483/63 + b/(-6)*-2. Calculate l(a).
-8
Let t be 4/(-6) - 435/(-45). Let i(d) = t - d**3 - 503*d**2 + 503*d**2. Determine i(0).
9
Let l(j) be the first derivative of -2*j**3/3 - 9*j**2/2 + 6*j + 411. Calculate l(-5).
1
Let i(z) be the second derivative of z**5/20 - 7*z**4/12 + 7*z**3/6 - 3*z**2/2 + 2*z. Let u be i(6). Let b(s) = -u + 2*s + 7 - 2 + 0. What is b(2)?
6
Let p(b) = -50*b - 452. Let y(m) = -10*m - 90. Let t(z) = 2*p(z) - 11*y(z). What is t(-9)?
-4
Let y(k) = -k**3 - 35*k**2 + 111*k - 108. Let m be y(-38). Let z be (1 - 3)/(-1 - 1). Let q(a) = -a**2 - z + 6 + 2 + 4*a. Determine q(m).
-5
Let m(q) = 2*q**2 + 158*q - 160. Let f be m(1). Let u(w) = w**2 - 87. Determine u(f).
-87
Let y(t) = 3 - t**3 - 8*t**2 - 5*t**2 + 3*t + 0 - 14*t. Suppose 126 = -25*d - 174. What is y(d)?
-9
Let q(v) = 24*v**2 + v. Let i be 1/((-35)/28) - 148/(-10). Suppose 22*x = i*x + 8. What is q(x)?
25
Let o = -61 - -61. Suppose o = -6*a + 12 - 6. Let w(f) = -a - 40*f - 2 + 46*f - f**2. Give w(5).
2
Let c(t) = -1 + t**3 + 263471*t**2 + 69*t - 1 - 263492*t**2 + 0. Calculate c(4).
2
Let s(l) = 10*l**2 - 3*l + 10*l - l**3 - 3*l**2. Let q be s(8). Let d(w) = -w + 1. Let u(g) = 3*g - 5. Let p(o) = -19*d(o) - 6*u(o). Give p(q).
3
Suppose -4*a + 24 = 2*r, 5*r = -4*a + 7*r + 16. Suppose 6*i + 9 = 3*i, -i = -5*j + 18. Let q(o) = 0*o**2 + 213*o**3 + 4 - 214*o**j + 5*o**2. Determine q(a).
4
Let a be 2/(-6)*-1 + (-1560)/(-234). Suppose -5*l + 35 = 4*v, 3*l - v + 3 - a = 0. Let g(k) = -9*k. Calculate g(l).
-27
Let d(g) = g**2 - 10*g + 11. Let q = -488 - -374. Let a = 123 + q. Give d(a).
2
Let l(o) = -o**3 - 6*o**2 - 2*o - 14. Suppose 0 = -0*j + 4*j + 2*a + 12, 48 = -7*j + a. Calculate l(j).
-2
Let c(y) be the second derivative of y**3/6 + 2*y**2 + y + 305. What is c(19)?
23
Suppose 0 = -12*w + 4922 - 134. Let r(z) = w*z + 2*z**3 - 399*z + 1. Give r(-1).
-1
Let r be ((-7)/(-14))/(3/252). Let m(p) = 12*p**2 + 13*p**2 + 2*p - r*p**2 + 14*p**2 - 2. What is m(2)?
-10
Let m(d) = -8*d - 14 - 26 + 88 - 22. Give m(-7).
82
Suppose -4*o + 1056 = 4*h, 0*o = -o - 4*h + 276. Let s(q) = -1 - 9 - o*q**2 + 2 - 6*q + 261*q**2. What is s(7)?
-1
Let a(q) = -3*q**3 - 4*q**2 - 3*q - 2. Let w